pose 10*n - 1031 = 24489. List the prime factors of n.
2, 11, 29
Suppose -767 = -3*f - 41. List the prime factors of f.
2, 11
Let f(k) = -7*k**2 - 31*k + 3 + 6*k**2 + 13*k. List the prime factors of f(-12).
3, 5
Let l(g) = -15*g**2 - 41*g - 31. Let p(s) = -5*s**2 - 14*s - 10. Let h(o) = -3*l(o) + 8*p(o). What are the prime factors of h(-6)?
127
Suppose 5*v - 5*y - 33 = -2*y, 3*y = 12. Suppose o - 182 = 4*l, 1 + v = -2*l. List the prime factors of o.
2, 3
Let g(k) be the first derivative of k**4/4 - 14*k**3/3 + 29*k**2/2 + 28*k - 29. What are the prime factors of g(13)?
2, 59
Suppose -5*q + 12 = 2. Suppose 73 = 3*v - 3*x + 13, v + q*x = 20. What are the prime factors of 30/((-45)/v - -3)?
2, 5
Let z = -161 + 194. List the prime factors of z.
3, 11
Suppose -6*l + 6270 = -13752. List the prime factors of l.
47, 71
Suppose 5*y - 6*s = -3*s + 3626, -5*y = s - 3618. What are the prime factors of y?
2, 181
Let k be ((-1)/(-3))/(8/72). Let z = 0 + k. Suppose 0 = 6*f - z*f - 6. List the prime factors of f.
2
Suppose -3*x = -2*h - 6*x + 14, -10 = 2*h - 3*x. Let t(n) = 22*n**2. Let c be t(h). Suppose -3*q + 4 + c = 4*y, -5*q = y - 15. What are the prime factors of q?
2
What are the prime factors of (-2246)/1*((-38)/4)/19?
1123
Let k(a) be the first derivative of a**2/2 - 7*a - 6. Let x be k(7). Suppose -4*v + 41 + 127 = x. What are the prime factors of v?
2, 3, 7
Suppose -2134 = -2*b + 434. What are the prime factors of b?
2, 3, 107
Let h = 103 + -61. Suppose l - 81 = -l - u, -l + h = -u. List the prime factors of l.
41
Let k be (-1169)/77 - (39/(-33) + 1). List the prime factors of (15/10 + 118/(-20))*k.
2, 3, 11
Let i be 5*((-222)/(-10) + 0). Let a(p) = p**3 - 10*p**2 - 10*p + 1. Let d be a(11). Suppose 0 = f - y - d - 14, 4*f + 3*y = i. What are the prime factors of f?
3
Let r(x) = -x**2 + 24*x - 1. Let b be r(19). Suppose -2*g + b = -z, -5*z - 259 = -5*g - 29. List the prime factors of g.
2, 3
Let s(a) = -6*a + 15. Let n be s(-9). Let x(u) = u**2 + 1. Let w be x(-2). Suppose 0 = w*t - m - 2*m - 129, 3*t = -m + n. What are the prime factors of t?
2, 3
Suppose -5*a + 2*a - 3 = 0. Let n be a/(-3) - (-6)/(-18). Suppose n = 6*k - 5*k - 8. List the prime factors of k.
2
Suppose 5*b + 3*y = -23, 0*y + 3*y - 47 = 5*b. Let i be (-2)/7 + (-2)/b. Let z(n) = -n**3 + n**2 - n + 25. List the prime factors of z(i).
5
Suppose 4*d + 2*q = 34, -q + 5*q - 50 = -5*d. Suppose z - d*b = -2*b + 6, -4*b + 14 = z. What are the prime factors of z?
2, 5
Suppose -4*l = 12 - 24. Suppose n + 16 = -l*n. List the prime factors of (-17 - -60) + 0 + n.
3, 13
Let d = 2254 - 1279. What are the prime factors of d?
3, 5, 13
Suppose 3*m = 5*m + 5*b + 31, 88 = -5*m - 2*b. Let s be ((-1)/3)/((-2)/m). Let i = 24 + s. List the prime factors of i.
3, 7
Let g(o) = o**3 + 1. Let s(l) = -2*l**3 - 3*l**2 - 3*l - 1. Let a(m) = -g(m) - s(m). Let h be a(-3). What are the prime factors of -5*(0 - h/(-15))?
3
Let f = 140 + 155. Suppose 0 = -3*w - 2*p + 256 + f, -912 = -5*w + 3*p. List the prime factors of w.
3, 61
Suppose 5*d - 12 = -2*v, -4*v = -d - 1 - 1. Let z(m) = 35*m - 1. List the prime factors of z(d).
3, 23
Suppose 0*k + 4*k - 12 = 0. Let r(g) = 1 - k*g**3 - 4*g**2 + 0*g + 2*g + 8*g**3 + 1. List the prime factors of r(2).
2, 3, 5
Suppose 5 = 4*s - n - 0, 2*s + 3 = -5*n. Let j(p) = -p + 1. Let h be j(s). Suppose 4*b - 52 = -h*b. List the prime factors of b.
13
Let o = -28 + 102. Suppose 1 = 5*z - o. What are the prime factors of z?
3, 5
Let u = 95 + 895. List the prime factors of u.
2, 3, 5, 11
Let d(c) = -9*c - 3. Let k be d(-21). Let f = k + -65. What are the prime factors of f?
11
Let b(o) = o + 2. Let w(m) = 2*m + 17. Let h be w(-8). Let d be b(h). Suppose -r = -0*r - d. List the prime factors of r.
3
Suppose 43*a + 0 = 344. List the prime factors of a.
2
Let j(b) = 4*b - 1. Let l be j(-8). Let y be l*(4/(-6))/(-2). Let v = 15 + y. List the prime factors of v.
2
Suppose 11*s - 2693 - 1201 = 0. List the prime factors of s.
2, 3, 59
Let h = -512 + 1156. What are the prime factors of h/8 - ((-3)/(-6) + -1)?
3
Let c(j) = -j**2 - 9*j + 3. Let o be c(-9). Suppose -q + k = -2*k + o, 4*q + 5*k = -29. Let u(g) = -g**2 - 11*g - 9. What are the prime factors of u(q)?
3, 7
What are the prime factors of (-34 - -878)/(3 - 1)?
2, 211
Suppose 0*b + 4 = 3*c + 2*b, 0 = 4*c - b + 2. Let y = c + -11. Let t(r) = r**3 + 12*r**2 + 9*r - 8. List the prime factors of t(y).
2, 7
Suppose -18*m + 14469 = -42771. List the prime factors of m.
2, 3, 5, 53
Let m(j) = -j**2 - 14*j - 13. Let o be m(-13). Suppose o = 4*k + 479 + 153. List the prime factors of k/(-8) + (-1)/(-4).
2, 5
Suppose 13*o - 673 = -2*z + 8*o, 4*z = -4*o + 1328. List the prime factors of z.
7, 47
Let c = 166 + 48. What are the prime factors of c?
2, 107
Let j = 11 - 104. Let q = j + 132. What are the prime factors of q?
3, 13
Let f = 6 - 5. List the prime factors of 0/(f*-1) - 736/(-16).
2, 23
Let l(j) = -j - 5. Let f be l(-12). Suppose -f*q = -83 - 323. What are the prime factors of q?
2, 29
Suppose -5*a - 4*w + 20 = 0, -3*a - w - 10 = -3*w. Let q(t) = t + 194. Let u be q(a). Suppose -5*b - 4*o = -u, b + 4*b + 5*o = 190. List the prime factors of b.
2, 3, 7
Let x(a) = 2*a - 7. Let k be x(5). Suppose -3*s - s - h - 1 = 0, -k*h - 3 = 2*s. Suppose -3*w + 96 = 3*b, -w - 4*b + s = -41. What are the prime factors of w?
29
Let j = 12 - 10. Suppose 0 = -j*p - 4*a + 56, 0*p - 3*p + 5*a = -128. List the prime factors of p.
2, 3
Let a = 104 + -86. Suppose -a*d - 1155 = -23*d. What are the prime factors of d?
3, 7, 11
List the prime factors of 908/4 + 1 + -9.
3, 73
Let g = -11 - 6. Let a(y) = -y**3 - 17*y**2 - 4*y + 1. List the prime factors of a(g).
3, 23
Suppose 4*d - 18 = -2*z, -z + 3*d + 0*d - 6 = 0. Suppose 8 = -z*h + 23. Suppose h*s + 31 - 11 = 0, s + 149 = 5*q. What are the prime factors of q?
29
Suppose -3*m = -2*r - 3461, -4*m + 3*r - 8*r = -4584. What are the prime factors of m?
1151
What are the prime factors of 2 + 390*1 - -2?
2, 197
Suppose 4*r = -x + 23, -2*x + 15 = r - 3. Let b = -4 + x. Suppose -i = -b - 4. What are the prime factors of i?
7
Let v(y) = 52*y**2 + 3*y. Let m = 123 - 125. List the prime factors of v(m).
2, 101
Let c(l) = 4*l + 6. Let h(i) = -2*i + 31. Let z be h(13). List the prime factors of c(z).
2, 13
Suppose j = -d + 19, -3*d + 3 = -2*d. Let x(c) = c**3 + 2*c**2 - 4*c + 3. Let p be x(2). Suppose -p*b - 325 = -j*b. What are the prime factors of b?
5, 13
Let g(u) = u**2 - 11*u - 71. What are the prime factors of g(23)?
5, 41
Let a be (2 - 4) + 4 + 13. Suppose -33 = a*h - 14*h. Let d = -3 - h. What are the prime factors of d?
2, 3, 5
Let j(y) = y**2 - 12*y - 11. Suppose -2*d + 0 - 2 = 0. Let p be ((39/1)/(-3))/d. What are the prime factors of j(p)?
2
Suppose -13*b = -18*b + 10. Suppose 10 = -5*s, -f - 12 = -b*f + s. List the prime factors of f.
2, 5
Suppose 6*b - 4*b = 108. Let u = 4 + -5. What are the prime factors of (1/u)/((-3)/b)?
2, 3
Suppose 273 = -3*s + 1926. What are the prime factors of s?
19, 29
Suppose -k = 2*k - 6. Suppose k*a = -3*a + 90. Let s = a - 5. What are the prime factors of s?
13
Suppose 5*d - 1 + 11 = 4*w, -d + 2*w - 2 = 0. List the prime factors of d/(-3) - 28/(-3).
2, 5
Let j = 26 + -14. Let o(d) = d**2 - 12*d + 2. Let g be o(j). Suppose 28 = g*i - 0*i. List the prime factors of i.
2, 7
Let f(u) = 3*u**2 - 8*u - 14. Let c be f(7). Suppose -81*v = -c*v - 532. What are the prime factors of v?
7, 19
List the prime factors of 75/2*(-5)/(75/(-36)).
2, 3, 5
Suppose 66 = n - 40. Suppose -4*b + 4*d - n = -1242, -5*b - 5*d + 1390 = 0. List the prime factors of b.
281
Suppose 4*t = -12*j + 15*j + 581, -3*j + 15 = 0. What are the prime factors of t?
149
Suppose 310 = -4*o - 0*x + 2*x, -5*o = 2*x + 410. Let v = 156 + o. What are the prime factors of v?
2, 19
Let c = 32 - 24. Let f = 57 + c. What are the prime factors of f?
5, 13
Let v(j) = -j**2 - 9*j - 14. Let t be v(-6). Suppose 4*p - t*d = 12, 2*p - 12 = -p + 4*d. Let u(s) = -s**3 - s**2 - s + 13. What are the prime factors of u(p)?
13
Let d(a) = 144*a + 15. Let z be d(3). Let n = z - 316. What are the prime factors of n?
131
Let m = -9 - -11. Suppose -6 = -m*z - l, 4*l - 7 = -3*z - 3. Suppose 4*u = 4*a - 36, 0 = z*a - 3*u - 41 + 10. List the prime factors of a.
